(-15) - (-2)/5. Suppose 2*o = -2*o + 3*f + 2219, -3*o - v*f + y = 0. Is o prime?
False
Is (4875 + (1 - -13))/1 a prime number?
True
Suppose 3*i - 5*y = 10, 12*y - 9*y = 3. Suppose -2*q + 12375 = -3*z, q - i*z = -0*z + 6191. Suppose 371 = -5*p + q. Is p prime?
True
Is -1*217768/(-3) - 230/690 prime?
False
Suppose -i = -2*k + 627, i = -i - 10. Suppose -147 - k = -2*z. Let s = z - 46. Is s prime?
False
Let k be 70/4*68/119. Let p be ((-8)/20)/((-2)/k). Suppose -q - p*q - s = -1834, -5*q - 5*s + 3040 = 0. Is q a prime number?
True
Suppose 2*j = 14 + 18. Suppose j*v - 63492 = 75820. Is v composite?
False
Suppose -11*p = 5*p - 64. Suppose 3*s = -12, 5*s = -p*z + 135 + 2493. Is z prime?
False
Let n(o) = o**3 + 12*o**2 + o + 23. Let s be n(-12). Let m(v) = -s*v**3 + 9 - 12*v**3 + v**2 + 10*v + 22*v**3. Is m(-12) prime?
False
Suppose 13*b = 222 + 272. Suppose -45*q = -b*q - 80773. Is q a prime number?
False
Let a(p) = 49*p**2 - 17*p + 227. Is a(13) a composite number?
False
Suppose -z - 71 = 5*i, 6*i - 2*i = 4*z + 188. Let l = z - -56. Suppose -34450 - 535 = -l*u. Is u a prime number?
True
Suppose 0 = -k - 5*v + 78 + 1931, -5*k + 10155 = 3*v. Let h = -2535 + 1195. Let n = k + h. Is n prime?
False
Suppose 2*u - 2*m = 3*m - 13, -3*u - 27 = -5*m. Let j(f) be the first derivative of -11*f**2 - 49*f - 1. Is j(u) a prime number?
False
Suppose 0 = -q - 12 + 8, -q - 149739 = -5*p. Is p a composite number?
False
Let v be 4/(((-9)/330)/(1068/(-16))). Suppose -3*p = -p - 5*i - 3937, -5*p - 5*i = -v. Is p composite?
True
Suppose 8 = 18*m - 28. Suppose -n = -m*n + 479. Is n a prime number?
True
Let h be 6 - (4 + -4 - 6597). Let f = h + 6110. Is f a composite number?
False
Let u(n) = -n**2 - 15*n + 2. Let j be u(-15). Let b be 2/(12/3693)*j. Let c = 2280 - b. Is c a prime number?
True
Is (-3400149 + 55)*10/(-20) a composite number?
False
Let d be 43/4*(0 - (12 - 16)). Suppose 0 = -d*g + 24177 + 12760. Is g a composite number?
False
Let a(r) = r**3 + 8*r**2 + 11*r - 6. Let z be a(-6). Suppose -5*x + 1435 + 33540 = z. Is x prime?
False
Suppose 7*u + 2*u = -70245. Let z = u + 17082. Is z composite?
False
Suppose 0 = -q + 5*q - 3*b - 17, -5*q + 2*b + 30 = 0. Let h(l) = 3*l**2 - 4*l - 11. Is h(q) composite?
False
Suppose u - 2063 = 2*d - 9006, 0 = -u + 1. Suppose 4*n - 9573 = -5*h, -3*n - 7642 = -4*h + 2*n. Let s = d - h. Is s a prime number?
True
Let s = 431515 - 271118. Is s composite?
False
Is 217851*(-8)/(-24) + -4 a composite number?
False
Let h = 26844 + 57929. Is h a prime number?
False
Let m be (1 + 1)/(2/3). Suppose -m*p - p + 16 = 0. Suppose 9*o = p*o + 15. Is o composite?
False
Suppose 12*b - 86*b + 466701 = -23*b. Is b a prime number?
True
Suppose 1866552 = 15*j - 3041371 - 2488142. Is j a composite number?
True
Suppose -2*f + 2*k + 1486 = 0, -2*f - 2*f - 4*k = -2980. Suppose 0 = r - 2*i - 243, i = 4*r - r - f. Suppose r = -2*d + 3*d. Is d composite?
True
Let f = -220217 + 339576. Is f a prime number?
True
Suppose -72 = 4*r - 10*r. Let y = r + -13. Let w(b) = -1398*b**3 + b**2 - 2*b - 2. Is w(y) composite?
False
Suppose -p - 2235 = -5*k + 1314, 0 = -2*k - 3*p + 1423. Suppose -r - k = 5*v + 3*r, -271 = 2*v - r. Let t = 251 + v. Is t prime?
True
Suppose 61 = -r + 3*s + 4, 15 = 3*s. Let q = 181 + r. Is q a composite number?
False
Suppose -3205683 = -3*w - 4*l, 1930*w + 4*l + 1068577 = 1931*w. Is w composite?
True
Let k(c) = -c**2 + 7*c + 14. Let i(h) = -7*h - 13. Let l(a) = -3*i(a) - 2*k(a). Is l(16) prime?
False
Let q(n) = -249*n - 1265 - 1244 - 402*n + 2450. Is q(-16) a prime number?
True
Suppose -3*l + 231 = 5*t + 65, -3*l = 4*t - 131. Let s = -29 + t. Suppose -4*y - f + 1180 = 0, -2*y + 4*f - 1180 = -s*y. Is y a prime number?
False
Let l(w) = -6*w - 6. Let t be l(-4). Suppose -3*n = t*n - 128919. Is n a composite number?
True
Suppose 126*j + 1302 = -308*j. Suppose -i = -3*z - 614, 3*z - 20 = -5. Is (-8 + 5)/(j/i) prime?
False
Suppose x + 5*t + 8832 = 2222, 0 = 2*x + t + 13256. Let u = x + 9349. Is u prime?
True
Is (396/(-264))/(6/(-859244)) a composite number?
False
Let x(n) be the first derivative of n**3/3 + n**2 - 2*n + 31. Let p be x(2). Suppose -p*t + 4185 = -1341. Is t prime?
False
Suppose -87*t - 356732 - 210433 = -102*t. Is t composite?
False
Let j(g) = 9*g**3 - 110*g**2 - 27*g - 265. Is j(60) composite?
True
Is ((-59771573)/(-3349))/((-2)/(-34)) a composite number?
False
Suppose -36*b = 2*x - 34*b - 232998, -x - 2*b = -116501. Is x composite?
True
Suppose -48*j - 520 = -8*j. Is (j/(23 + 3))/(2/(-13196)) prime?
True
Suppose 3*o - 120 = -o. Suppose 0 = 2*z - 0*z - o. Is (1/3)/(z/21555) a prime number?
True
Suppose -3*b = -2*p + 2, -8 = 4*b - 2*p - 2*p. Let w be 10/(-6)*-68 + b/(-6). Suppose z = w + 266. Is z prime?
True
Suppose 2*s + 5*y - 17 + 0 = 0, 4*s - 19 = 5*y. Suppose -4*t = -z - 16, -t = -0*t - z - 7. Suppose -t*j + 19719 = s*j. Is j a composite number?
True
Suppose -3*t - 4*r = 46 - 6, 8 = -t + 4*r. Is 35658/9*(t/8 + 2) prime?
False
Suppose k = -60*h + 65*h + 391288, -k + 391225 = 4*h. Is k prime?
False
Suppose 5*z + 8*k = 3*k + 45, -3*k = -4*z + 29. Let s be (-86)/z + (-9)/(-12). Is 8/(-20)*s + 165 prime?
False
Let a(q) = 4*q**2 + 10*q + 18. Let i be a(-15). Let x = i - 511. Is x composite?
False
Let q(j) = -j**3 + 87*j**2 + 227*j + 306. Is q(79) composite?
True
Let k = 49 - 49. Suppose 24*r - 18*r - 6978 = k. Is r a composite number?
False
Let i(s) = -8*s - 74. Let a be i(-6). Is 16/(-104) + (-178494)/a prime?
False
Let r(z) = 4*z**2 - 8*z + 27. Let m be r(4). Is 38824/6 - 2 - m/(-177) a composite number?
False
Let y(u) = 3*u**3 + 16*u**2 - 4*u + 5. Is y(-4) prime?
False
Let v(h) = 29*h**2 - 1442*h - 477. Is v(98) a composite number?
True
Suppose 2*t - a - 21 = -0*a, 5*t = a + 60. Let w(z) = -3*z + 41. Let l be w(t). Suppose -2*s = -4*j + 152, 3*j - 4*s - 187 = -l*j. Is j a prime number?
False
Let g(b) = 1134*b - 1. Let l = -775 - -779. Is g(l) prime?
False
Let h = -13 - -13. Suppose 2*n = -2*s + 5220, h = -2*s + 6*s + 3*n - 10435. Is s composite?
True
Let c(p) = 411*p + 10. Let z(w) = 821*w + 20. Let b(h) = -5*c(h) + 3*z(h). Is b(4) a composite number?
True
Suppose -24 - 18 = -21*d. Suppose 0 = -d*u - 2*o + 14108, 20*o - 15*o + 7072 = u. Is u a prime number?
True
Suppose 72432 = 5*k + l - 27628, 3*k = 3*l + 60018. Is k a prime number?
True
Suppose 715 = 3*c - 3062. Suppose 9*d - 7*d - 1224 = 0. Let k = c - d. Is k prime?
True
Let t be (-24)/120 - (-1381)/5. Is t/(-60) + (-2)/5 - -9118 prime?
False
Let k(n) = -2*n**3 - 5*n - 10 - 3*n**3 + 1 - 5*n**2 - 6*n**3. Is k(-4) a composite number?
True
Suppose -2*o = -p - 10, -5*o + 5*p + 31 = 4*p. Suppose o*y - 3698 - 1895 = 0. Suppose -3664 = -5*w - y. Is w a prime number?
False
Suppose 0 = -133*z + 39371865 + 25992448. Is z prime?
True
Suppose -184 = 9*d + 968. Let c = -76 - d. Suppose -g + c = -37. Is g a composite number?
False
Let c be (-131 + 121)*(2/(-4) - 0). Suppose q = 3*q - 18822. Suppose q = -c*y + 8*y. Is y composite?
False
Suppose 3*t - 14 = -5*y, 6*y + 4*t = 4*y. Let c be (-3)/(-6) - 2/y. Is 1513 + c - 2/1 composite?
False
Let n be (-72)/(-4*3/2694). Suppose t - 4035 = b, 2*b = 5*t - 9*t + n. Is t composite?
True
Is ((-2 - (-5 + 4))*41)/(8/(-33224)) composite?
True
Suppose -27369 = -3*t + 5*z - 3184, 24189 = 3*t - 3*z. Is t prime?
False
Let y(t) = -1151*t - 1. Let n be y(-1). Suppose -12*v + 571 = -2201. Let h = n + v. Is h prime?
True
Suppose 147*n = 192*n - 6606855. Is n prime?
True
Let j(z) = 3445*z**2 - 135*z - 1147. Is j(-8) prime?
False
Let w(k) = -16403*k - 3645. Is w(-10) a prime number?
False
Let g(j) = j**2 - 4*j - 36. Let t be g(-6). Let p(v) = v**3 + 3*v**2 + 2*v + 5. Let k be p(-4). Is (8/t + (k - -1))*-21 a composite number?
True
Let r(w) = -1712*w + 149. Is r(-88) a composite number?
True
Let x(y) = 28*y**2 + 5*y - 21. Let h be x(-8). Let p = 3192 - h. Suppose 7797 = 6*g - p. Is g a prime number?
True
Let w(v) = -914*v + 37. Let r be 3312/(-230) + (-2)/(-5). Is w(r) composite?
True
Is 9 - ((16319100/(-209))/10 + 2/11) prime?
True
Let i = 103144 + 17893. Is i a prime number?
False
Let v(n) = 5358*n - 115. Is v(13) a composite number?
False
Suppose 1202517 + 194271 = 6*s. Suppose -15*f + s = -213767. Is f prime?
False
Let w be 4/(-1*(-24)/30). Suppose -4*q + 11 + 9 =